actors of 386558842.
2, 577, 334973
What are the prime factors of 1845733018?
2, 67, 251, 54877
What are the prime factors of 429127021?
317, 1353713
What are the prime factors of 1038477895?
5, 7, 13, 17, 134257
List the prime factors of 22743807.
3, 17, 41, 73, 149
List the prime factors of 125868489.
3, 23, 337, 5413
List the prime factors of 827323411.
17, 2213, 21991
List the prime factors of 16269786.
2, 3, 13, 23, 3023
What are the prime factors of 3498924854?
2, 6793, 257539
List the prime factors of 15831669.
3, 7, 31, 83, 293
What are the prime factors of 2032356575?
5, 1013, 80251
What are the prime factors of 307241717?
307241717
What are the prime factors of 2033220429?
3, 1291, 174991
What are the prime factors of 21961792?
2, 343153
List the prime factors of 184365626.
2, 19, 733, 6619
List the prime factors of 68932778.
2, 31, 691, 1609
What are the prime factors of 735467062?
2, 11, 33430321
What are the prime factors of 92118239?
29, 3176491
What are the prime factors of 93352727?
13, 42491
What are the prime factors of 168989150?
2, 5, 11, 307253
List the prime factors of 697060227.
3, 232353409
List the prime factors of 2325970375.
5, 29, 379, 1693
What are the prime factors of 3219016?
2, 211, 1907
List the prime factors of 10482560.
2, 5, 11, 1489
What are the prime factors of 120872720?
2, 5, 17, 31, 47, 61
List the prime factors of 839580675.
3, 5, 109, 102701
List the prime factors of 54263531.
7, 1107419
List the prime factors of 240015989.
239, 251, 4001
List the prime factors of 812988768.
2, 3, 593, 14281
What are the prime factors of 3906912922?
2, 11, 89, 1995359
What are the prime factors of 1312331634?
2, 3, 19, 1009, 3803
List the prime factors of 119788852.
2, 29947213
What are the prime factors of 1095548525?
5, 31, 233, 6067
List the prime factors of 145246068.
2, 3, 11, 103, 1187
What are the prime factors of 1515283787?
7333, 206639
List the prime factors of 10156089.
3, 17, 19, 47, 223
List the prime factors of 1183965460.
2, 5, 641, 92353
What are the prime factors of 273208707?
3, 41, 82267
List the prime factors of 162242236.
2, 13, 113, 27611
What are the prime factors of 61905632?
2, 59, 32789
List the prime factors of 31997437.
2963, 10799
What are the prime factors of 72012702?
2, 3, 43, 279119
List the prime factors of 198459989.
7, 13, 17, 128287
What are the prime factors of 721539529?
499, 1445971
What are the prime factors of 8981858?
2, 673, 6673
List the prime factors of 44079306.
2, 3, 7346551
What are the prime factors of 46730024?
2, 11, 531023
What are the prime factors of 289718967?
3, 96572989
What are the prime factors of 23382343?
23382343
What are the prime factors of 250437290?
2, 5, 19, 67, 103, 191
List the prime factors of 158661887.
83, 1911589
List the prime factors of 55180971.
3, 6131219
List the prime factors of 55008504.
2, 3, 233, 1093
What are the prime factors of 322723035?
3, 5, 796847
List the prime factors of 2071965947.
677, 3060511
List the prime factors of 4133518.
2, 2066759
What are the prime factors of 478194973?
478194973
What are the prime factors of 41843515?
5, 7, 43, 27803
What are the prime factors of 2193759616?
2, 17138747
List the prime factors of 61731082.
2, 7, 29, 107
What are the prime factors of 539875385?
5, 7, 31, 2293
List the prime factors of 89127990.
2, 3, 5, 7, 23, 6151
List the prime factors of 80245550.
2, 5, 7, 11, 19, 1097
What are the prime factors of 2954309237?
11, 137, 1960391
What are the prime factors of 2818973147?
2818973147
What are the prime factors of 20977466?
2, 1021, 10273
What are the prime factors of 53130814?
2, 11, 17, 142061
List the prime factors of 485525290.
2, 5, 937, 51817
List the prime factors of 111619833.
3, 13, 2862047
What are the prime factors of 68311883?
211, 263, 1231
What are the prime factors of 24958851?
3, 8319617
List the prime factors of 59550758.
2, 929, 32051
List the prime factors of 129883076.
2, 263, 331, 373
What are the prime factors of 4569044083?
17, 268767299
List the prime factors of 705580213.
13, 653, 83117
List the prime factors of 1938824.
2, 29, 61, 137
List the prime factors of 87307293.
3, 127, 229153
What are the prime factors of 44131352?
2, 31, 177949
What are the prime factors of 1867300612?
2, 466825153
List the prime factors of 5645570053.
31, 307, 593209
What are the prime factors of 3984437?
151, 26387
What are the prime factors of 237681512?
2, 277, 283, 379
List the prime factors of 37699629.
3, 11, 19, 60127
What are the prime factors of 1821477555?
3, 5, 239, 169361
What are the prime factors of 630868148?
2, 41, 107, 35951
List the prime factors of 456747009.
3, 152249003
List the prime factors of 3037317953.
51577, 58889
What are the prime factors of 1685384257?
307, 1289, 4259
What are the prime factors of 121209288?
2, 3, 389, 12983
List the prime factors of 349047935.
5, 2971, 23497
What are the prime factors of 521456898?
2, 3, 86909483
List the prime factors of 77409750.
2, 3, 5, 11, 853
List the prime factors of 314796675.
3, 5, 107, 39227
What are the prime factors of 3526614153?
3, 130615339
List the prime factors of 1324414685.
5, 11, 103, 389, 601
What are the prime factors of 5893932586?
2, 127, 2131, 10889
List the prime factors of 2751903112.
2, 7, 7020161
What are the prime factors of 104700429?
3, 41, 283741
List the prime factors of 1486756013.
1486756013
What are the prime factors of 64144506?
2, 3, 10690751
What are the prime factors of 6552825817?
113, 2861, 20269
What are the prime factors of 27998?
2, 13999
List the prime factors of 2915491726.
2, 7, 59, 89, 39659
What are the prime factors of 5976016992?
2, 3, 11, 41, 139, 331
List the prime factors of 685837515.
3, 5, 11, 4156591
What are the prime factors of 156614985?
3, 5, 1160111
List the prime factors of 681951175.
5, 17, 31, 191, 271
List the prime factors of 135957729.
3, 45319243
List the prime factors of 59799261.
3, 113, 419, 421
What are the prime factors of 772029809?
59, 13085251
What are the prime factors of 302414816?
2, 11, 83, 941
List the prime factors of 203355374.
2, 23, 4420769
List the prime factors of 231808019.
241, 577, 1667
List the prime factors of 194539302.
2, 3, 167, 64717
List the prime factors of 149998811.
127, 1181093
What are the prime factors of 150360037?
71, 2117747
What are the prime factors of 23364365?
5, 4672873
List the prime factors of 7236384319.
2003, 3612773
What are the prime factors of 687865357?
577, 1192141
List the prime factors of 46562772.
2, 3, 127, 30553
List the prime factors of 284122901.
71, 863, 4637
List the prime factors of 5631961.
19, 15601
What are the prime factors of 79494086?
2, 7, 5678149
List the prime factors of 206511059.
29, 7121071
List the prime factors of 217273654.
2, 13, 8356679
List the prime factors of 1558583800.
2, 5, 17, 458407
What are the prime factors of 3212916789?
3, 307, 499, 6991
List the prime factors of 770208023.
13, 59246771
What are the prime factors of 810404319?
3, 41, 6588653
List the prime factors of 365275489.
23, 101, 157243
List the prime factors of 20656828.
2, 5164207
List the prime factors of 77154417.
3, 2857571
List the prime factors of 44422656.
2, 3, 28921
What are the prime factors of 24047413?
13, 31, 59671
List the prime factors of 8811745.
5, 101, 17449
List the prime factors of 574425119.
19, 30232901
List the prime factors of 107117295.
3, 5, 7141153
What are the prime factors of 2572135176?
2, 3, 13, 71, 116113
List the prime factors of 2644249.
19, 29, 4799
List the prime factors of 199176692.
2, 11, 13, 17, 20483
List the prime factors of 2337143791.
167, 13994873
List the prime factors of 136737995.
5, 27347599
List the prime factors of 745433556.
2, 3, 7, 163, 54443
List the prime factors of 164931621.
3, 54977207
List the prime factors of 419580239.
13, 32275403
What are the prime factors of 384359307?
3, 17, 193, 2297
What are the prime factors of 4840366093?
34231, 141403
What are the prime factors of 2905444551?
3, 17, 1999, 28499
What are the prime factors of 1138096298?
2, 107, 131, 40597
List the prime factors of 2409904525.
5, 7, 353, 5573
What are the prime factors of 33099531?
3, 59, 187003
List the prime factors of 1162817643.
3, 13, 1487, 20051
What are the 